n 34 is divided by q.
7
Let r = 46 - 27. What is the remainder when r is divided by 2/(-7) - ((-116)/14 + -3)?
8
Let y(m) = 2*m. What is the remainder when y(9) is divided by 4?
2
Suppose 2*z - z - 2 = 0. Let l(y) = 15*y + 1. Calculate the remainder when l(z) is divided by 16.
15
Calculate the remainder when (-8)/(-16) - 210/(-4) is divided by 14.
11
Let m(l) = -l**3 + 6*l**2 - 12. What is the remainder when 24 is divided by m(5)?
11
Suppose 0 = 5*p - 36 - 24. Let z = p + -7. Suppose -l + 5 = -5*k, -3 - z = -l + 2*k. Calculate the remainder when l is divided by 4.
2
Suppose 2*s = 12 + 44. Suppose 5*a - 56 - 74 = 0. Let k = -16 + a. What is the remainder when s is divided by k?
8
Suppose 4*u - 5*v = 41, 15 = 2*u - 3*v - 6. What is the remainder when 35 is divided by u?
8
Calculate the remainder when 158 is divided by (2 - (-11)/(-6)) + 95/6.
14
Let i = -40 + 93. Calculate the remainder when i is divided by 16.
5
Let b be 1/5 + 46/(-5). Let s be (2 - 2*11)*-1. Let u = b + s. Calculate the remainder when 31 is divided by u.
9
Let x(r) be the third derivative of r**4/3 + r**3/6 + 2*r**2. Let g(y) = -y**2 - 7*y + 9. Calculate the remainder when x(2) is divided by g(-7).
8
Let b = 22 - 10. Suppose -5*c = -r - 3*r + 24, 3*c = r - 20. What is the remainder when c/(-12) - 206/(-6) is divided by b?
11
Suppose 2*a + 31 = g + 11, -4*g + 52 = -a. Let q = 2 - -33. What is the remainder when q is divided by g?
11
Let z = -4 - -7. Suppose z = 2*c + c. Suppose m + 3*h + 9 = 0, m + h - c = -0. What is the remainder when 10 is divided by m?
4
Let k(j) = j**2 - 24*j + 29. Calculate the remainder when 14 is divided by k(23).
2
Suppose -o - 4*o - 3*t + 27 = 0, -3*o + 3*t = -21. Suppose 0 = s + 3*s - 8. Let d = 2 + s. Calculate the remainder when o is divided by d.
2
Let k(b) = -b**3 + 36. Let m = -29 + 48. What is the remainder when k(0) is divided by m?
17
Calculate the remainder when (28/22)/(-7) - 884/(-22) is divided by (84/(-20))/((-1)/5).
19
Suppose -4*j = -x - 2, -x - 4 = 2*j - 26. Calculate the remainder when 41 is divided by x.
13
Suppose 155 = 3*m - 4*q, m + m + q = 85. Suppose -2*x - x + m = 0. What is the remainder when 72 is divided by x?
12
Let u = -7 + 11. Suppose u*v - 16 = 176. Suppose -2*t - t = -v. Calculate the remainder when t is divided by 6.
4
Let g(t) = 0 - 4*t + 3*t - 5 - 4. Let h be g(-10). Let z = h + 3. Calculate the remainder when z is divided by 2.
0
Suppose 2*l - 136 = -6*l. Let h(i) = 7*i**3 - 2*i**2 + i. Calculate the remainder when l is divided by h(1).
5
Suppose p - 174 = -2*p. Calculate the remainder when p is divided by 15.
13
Suppose -2*s - 160 = 4*w, 2*w - 5*s - 5 = -109. Let c = w - -78. Suppose -r + 16 = 3*r, -5*b - 3*r + 107 = 0. Calculate the remainder when c is divided by b.
17
Suppose 3*m - 219 = 3*s, -2*s - 91 = -m - 20. Suppose 2*p = -5*n + 85, 0 = -4*p + 2*p - 3*n + m. What is the remainder when p is divided by 11?
8
What is the remainder when 54 is divided by -19*(1 + 0)*-1?
16
Suppose 8*m = -11 + 51. What is the remainder when m is divided by 4?
1
Let z = -31 - -55. Let d = 15 + z. What is the remainder when d is divided by 10?
9
Let f(g) = g**3 + 10*g**2 + 11*g - 3. Let b be f(-8). Let t = b + -19. What is the remainder when t is divided by -1*(-2)/(-4)*-20?
8
Let b(u) = u**3 + 9*u**2 + 9*u - 7. Let a = -5 - -15. Calculate the remainder when b(-7) is divided by a.
8
Let t be 520/(-14) - (-5)/35. Let u(v) = 60*v**3 - 1. Let f be u(-1). Let m = t - f. Calculate the remainder when m is divided by 13.
11
Let l = 41 + -37. Suppose -3*y + 21 = w + 2*w, 4*y = 5*w + 10. Let t = y - 3. Calculate the remainder when l is divided by t.
0
Let s = 28 - 7. Let l = s + -5. Let f = -114 - -123. What is the remainder when l is divided by f?
7
Let w(t) be the third derivative of t**6/120 + 7*t**5/60 + t**4/8 + t**3/3 - 9*t**2. What is the remainder when w(-5) is divided by 13?
11
Let c(x) = 1 - 4*x**2 - 5*x + 3 + x**3 - 4*x. Calculate the remainder when c(6) is divided by (-2)/(-4) - (-161)/14.
10
Let b(z) = z**3 + 4*z**2 - 3*z + 8. What is the remainder when 57 is divided by b(-4)?
17
Suppose -4*w = w - 65. Calculate the remainder when 3/15 + (-756)/(-20) is divided by w.
12
Suppose 0 = -2*q + 3 + 1. Suppose -2*a = 5*u + 1, 4*a - 4*u + 7*u - 5 = 0. What is the remainder when q is divided by a?
0
Suppose -5*s - 31 - 30 = 4*h, 3*s + 15 = 0. Let g = -20 - h. Let d = -1 - g. What is the remainder when 28 is divided by d?
8
Let a = -7 + 20. Calculate the remainder when 48 is divided by a.
9
Suppose -4 + 6 = s. Let y = 3 + s. What is the remainder when 14 is divided by y?
4
Suppose 5*v = -5*d + 40, 3*d = d + 4*v - 14. Suppose -4*b + l = -77, b = d*b + l - 31. Calculate the remainder when 53 is divided by b.
17
Suppose -4*w + 20 = 4. Suppose -2*k + 2*y + 12 + 40 = 0, -5*k = -4*y - 125. Suppose u + 2*u - k = 0. Calculate the remainder when u is divided by w.
3
Let l = 149 - 96. Let c(w) = -w**3. Let j(t) = t**3 + 3*t**2 + 4*t - 3. Let a(z) = -3*c(z) - j(z). What is the remainder when l is divided by a(3)?
17
Suppose -12 = -5*h + 3, 5*z - 4*h + 12 = 0. Suppose z*r - 28 = -2*a - 4*r, -28 = -3*a + r. Calculate the remainder when a is divided by 6.
4
Let a(o) = -o**2 + 41*o - 262. Suppose 5*i = 5*x - 80, -i = -2*x + 7*x - 74. Calculate the remainder when a(9) is divided by x.
11
Let l = 66 - -32. Calculate the remainder when l is divided by 20.
18
Suppose -u - 2 = -4. Let t be (-5)/10*(-188)/u. Suppose -5*a = 2*y - y - t, -a - y = -7. What is the remainder when 39 is divided by a?
9
Let v = 4 + -4. Suppose 5*o = 3*l + 153 + 4, v = -o + l + 31. Calculate the remainder when o is divided by 17*(-1 + 0 - -2).
15
Let u(r) = -r + 11. Let g = 3 - -5. Calculate the remainder when g is divided by u(6).
3
Let c = 4 + 0. Let i = 0 - c. Calculate the remainder when 20 is divided by (i/(-12))/(2/42).
6
Let n be 2*-1 - (0 - -14). Calculate the remainder when n*(-1 + 1/2) is divided by 5.
3
Suppose -2*n + 2*k + 126 = 0, -2*n + 4*k + 56 + 60 = 0. Calculate the remainder when n is divided by 7.
5
Let m = -109 + 133. What is the remainder when 89 is divided by m?
17
Let o(z) = z**2 - 4*z. Let t be o(4). Suppose 0*d + 4*d + 120 = t. Calculate the remainder when (d/4)/(6/(-8)) is divided by 6.
4
Let x be 1 - 0 - 1 - 30. Let y = x - -68. What is the remainder when y is divided by 3*6 + 1 + 1?
18
Let j be ((-1)/2)/(1/(-2)). Let h(s) = -s**2 - 7*s - 6. Let z be h(-6). Calculate the remainder when 84/3*(j + z) is divided by 10.
8
Suppose -52*v = -48*v - 376. Calculate the remainder when v is divided by 24.
22
Suppose 0*t - 3*t = -2*w + 76, -w = -t - 37. Calculate the remainder when w is divided by 9.
8
Let m = -95 - -118. Calculate the remainder when m is divided by 4.
3
Let l = 6 + -8. Let z(m) = 9*m**2 + 2*m + 3. Let w(y) = -y**2 - 13*y - 10. Calculate the remainder when z(l) is divided by w(-11).
11
Suppose 4*u - 191 = 3*h, -3 = h - 2. Let z = u + -32. Suppose z = b + 2*b. Calculate the remainder when b is divided by 2.
1
Suppose 0 = -0*s - 5*s. Let m(h) = 3*h - 13. Let y(n) = -n + 4. Let c(q) = -4*m(q) - 11*y(q). What is the remainder when 15 is divided by c(s)?
7
Suppose 3*i - 48 = 54. Calculate the remainder when i is divided by (36/(-8))/((-1)/2).
7
Suppose -5*d - 11 = -1, x - 33 = -4*d. Calculate the remainder when x is divided by 11.
8
Suppose 0 = 2*d + 3*d - 10. Let b = 8 + -5. Suppose 5*y - 39 = d*w, 0*y - 4*y - b*w = -45. Calculate the remainder when 25 is divided by y.
7
Let a(i) = i**2 + 5*i + 6. Let k = 10 - 15. Suppose -3*s + 61 = 2*g + 21, 55 = 3*g + 2*s. Calculate the remainder when g is divided by a(k).
5
Let s(k) = -14*k**3 + 5*k + 1. Calculate the remainder when s(-2) is divided by 21.
19
Let l(w) = 9*w**2 - 2*w + 2. Let d be l(2). Let i = d - 23. What is the remainder when i is divided by ((-4)/(-6))/(2/18)?
5
Let d = -4 + 16. Let s = d - 7. Calculate the remainder when 13 is divided by s.
3
Let i(a) = -a**2 + 15*a. What is the remainder when 105 is divided by i(12)?
33
Calculate the remainder when 46 is divided by 4/((-50)/(-15) - 3).
10
Let b be 1/(-4) - 2/(-8). Suppose b = -11*q + 8*q + 9. Calculate the remainder when 3 is divided by q.
0
Let f(l) be the second derivative of -l**5 + 0 + 2*l - 1/12*l**4 + 1/2*l**2 + 1/6*l**3. Calculate the